. What is the units digit of g?
7
Let d be (65/2 - -2)*2. Let y = -1 - -39. Let h = d - y. What is the tens digit of h?
3
Let q(h) = 42*h**2 + 229*h + 1168. What is the hundreds digit of q(-5)?
0
Let m be 4/10 + 90/25. Let u = 629 - 92. Suppose 2*g = -b + 128, m*b + 3*g + 0*g - u = 0. What is the tens digit of b?
3
Suppose -89*h - 6968 = -97*h. Suppose -4*k = -h - 21. What is the units digit of k?
3
Suppose 3*f + 0*f = -4*g + 17867, -3*g + 3*f = -13395. Suppose -g = -15*y - 11. What is the hundreds digit of y?
2
Let t(a) = 60*a**3 + a**2 - 3*a + 3. Let q be t(1). Suppose q + 91 = v. What is the tens digit of v?
5
Suppose -12*s - 98 = 94. Let l(y) = -y**3 - 13*y**2 + 26*y - 16. What is the tens digit of l(s)?
3
Suppose o + 2*l - 1600 = 0, o + 1615 = 2*o - l. What is the tens digit of o?
1
Let a(u) = 115*u**3 - 10*u**2 - 35*u + 54. What is the thousands digit of a(6)?
4
Let k(z) = 4*z**2 + 52 - 6*z - 6*z - 12*z + 7*z. What is the units digit of k(6)?
4
Let o(w) be the first derivative of 6*w**3 + 9*w**2/2 + 28*w - 168. What is the units digit of o(-10)?
8
Let t be 2 + -2 + -4 + 13. Suppose 3 = -2*l - g, 0*g - t = 4*l + 3*g. Suppose -4*q = l, 0 = -4*j + q + 125 + 99. What is the tens digit of j?
5
Suppose 0 = -2*o + 2*t + 44124, 2*t - 110345 = 62*o - 67*o. What is the ten thousands digit of o?
2
Let r(b) = 2*b**2 - 17*b + 3. Suppose -4*n + 3*h = -2*n + 39, -n + 3*h = 27. Let p be r(n). Suppose 4*t - 9*t = -p. What is the tens digit of t?
9
Let m = -5 - -12. Suppose m*r - 2*r - 2018 = -3*w, -5*r = -4*w - 2011. What is the hundreds digit of r?
4
Let l(n) = -132*n**3 + 18*n**2 + 45*n + 67. What is the hundreds digit of l(-8)?
4
Let p be 4*2*805/(-56). Let s = p - -778. What is the tens digit of s?
6
Let k(o) = 11*o - 37. Let y be k(-10). Let l = y + 352. What is the units digit of (-5 + 1)/((-10)/l)?
2
Let l = -261 - -221. What is the tens digit of (-22530)/l*8/6?
5
Let v(f) = 348*f + 38. Let c be v(2). Suppose -c*t - 5868 = -740*t. What is the tens digit of t?
7
Suppose 12*y - 6*y = 24. Suppose 2*b - 302 = -y*m - 0*m, 4*m + 3*b - 297 = 0. What is the tens digit of m?
7
Let y(h) = h**3 + 5*h**2 - 7. Let z be y(-3). Let q be (1 - 2)*-12 + -14 + z. Suppose 0 = -c + 5*t + 4, -4*t + q*t = -c + 4. What is the units digit of c?
4
Suppose 169 = 3*w - 14. Suppose -t + 231 = 2*m + 3*m, 5*m + 849 = 4*t. Suppose s = w + t. What is the units digit of s?
7
Let i(l) = 186*l**3 - 36*l**2 + 160*l - 56. What is the hundreds digit of i(5)?
0
Let q(h) = -75*h + 1469. What is the tens digit of q(-47)?
9
Suppose -f - 3*s = -609, 5*f = 20*s - 17*s + 3063. Let o = f + -290. What is the units digit of o?
2
Let y(l) be the first derivative of 5*l**2/2 + 11*l - 42. Let v be y(-2). What is the tens digit of (3*v - 81/18)*-18?
2
Let k = 14851 - -21234. What is the ten thousands digit of k?
3
Suppose 703*h - 704*h - 3*a + 17575 = 0, -4*h - 2*a + 70360 = 0. What is the ten thousands digit of h?
1
Let q be -1*((-10290)/(-7) - -2). Let j = -919 - q. What is the units digit of j?
3
Let r = 265 - -11719. What is the hundreds digit of r?
9
Let b(h) = -h**3 - 9*h**2 - 17*h + 2. Let q be b(-6). Let r be (q + 4)/4 - 3/(-1). Suppose -8*m = -r*m - 1065. What is the hundreds digit of m?
2
Let x = 381 - 253. Let s = x + -65. What is the units digit of (-200)/30*s/(-5)?
4
Let c = 2660 - -3198. What is the units digit of c?
8
Let h(i) = 19*i**2 + 11*i + 299. Let r be h(-11). Let u = -979 + r. What is the hundreds digit of u?
4
Suppose -5*f = -10*f - 2*l + 25, -27 = -4*f - 3*l. Let c be 0 + -11 + (1 - -1). What is the units digit of f - c/(18/8)?
7
Suppose 1621968 + 4690964 = 77*b + 9943. What is the ten thousands digit of b?
8
Suppose 14*k = 26990 - 1846. What is the hundreds digit of k?
7
Let n = 158 + -149. Suppose -6*s + 5*g = -n*s + 393, 240 = 2*s - 4*g. What is the units digit of s?
6
Suppose -6*s + 2*s + 10 = 2*c, 3*s - 5*c - 27 = 0. Let o(y) = -4*y - s + 17*y**2 + 2 - 19*y**3 - 20*y**2. What is the hundreds digit of o(-2)?
1
Let x(z) = 151*z + 29. Suppose 5*r + 5*u = 45, 2*r = 5*r - 4*u - 6. What is the tens digit of x(r)?
3
Suppose -4*m + 496 = 4*f, -26*f - 4*m + 625 = -21*f. Suppose 130*r - 1530 = f*r. What is the hundreds digit of r?
5
Suppose 2*a + n = -3*a + 295, -3*n - 15 = 0. What is the units digit of (-4416)/a*((-13)/2 - 1)?
2
Suppose 62*t - 3438979 = 1003476 - 589031. What is the ten thousands digit of t?
6
Suppose -313029 + 40882 - 189181 = -84*l. What is the units digit of l?
2
Let a(b) = b**3 + 8*b**2 + 10*b + 14. Let c be a(-7). Let z be 1/c - (26/7)/2. What is the units digit of ((-32)/48)/(z/141)?
7
Suppose -5*g - 3*w - 25 = 0, g + w = 6*w + 23. Let p(u) = u - 5. Let r be p(5). What is the units digit of r + (-4584)/(-21) - g/(-7)?
8
Suppose 0 = -n + m + 35465, 28*n = 26*n + m + 70925. What is the ten thousands digit of n?
3
Suppose -28*s - 2*q = -33*s + 97884, 3*s + q = 58726. What is the tens digit of s?
7
Suppose -1784 = -5*s + 4*r, 2*s - 785 = 5*r - 68. Suppose 673 + 52 = 5*a. Suppose -a = -3*k + s. What is the hundreds digit of k?
1
Let i(w) = 34*w**3 - 4*w**2 - 37*w + 201. What is the thousands digit of i(4)?
2
Suppose 0 = -u - 5 - 59. Let a = u - -174. What is the tens digit of a?
1
Let z(w) = w**2 + 10*w - 55. Let s be z(14). Suppose 0 = -271*a + s*a - 8130. What is the tens digit of a?
1
Suppose 0 = 3*s - 580 - 1394. Suppose -1628 = -3*w + s. What is the hundreds digit of w?
7
Let x(f) = -202*f**3 - 19*f**2 - 112*f - 22. What is the ten thousands digit of x(-7)?
6
Let p = 430 + -444. What is the units digit of (-2853)/(-3) + p + 14?
1
Let r(j) = 39*j**2 + 5*j**3 + 0*j**3 - 6 + j - 49*j**2. Let x(a) = -4*a**3 + 9*a**2 - a + 5. Let i(w) = 3*r(w) + 4*x(w). What is the units digit of i(5)?
2
Suppose 67537 = 11*i - 3829 - 63813. What is the thousands digit of i?
2
Let k = -389 + 776. Let c = k + -381. What is the units digit of c?
6
What is the units digit of 2303500/175 - 24/28?
2
Let c be 3/(-4) - 230/(-8). Let w be (4/(-16)*-5)/(1/c). Suppose a + 70 = 3*h, -4*a + w = h - 2*a. What is the tens digit of h?
2
Suppose 4 = 5*s - 1, 4*s = -r + 219. Suppose r = 4*h - 505. Suppose d = -d + h. What is the tens digit of d?
9
Let c(a) = -58*a + 271. Let z be c(7). Let g(v) = v**2 - 15*v + 4. Let r be g(6). Let n = r - z. What is the units digit of n?
5
Let u = -125 + 119. What is the tens digit of u/(-21) + 40914/126?
2
Suppose -2*p - 215 + 239 = 0. Suppose -p = -0*r + 3*r. What is the units digit of 1*61*(0 - r - 3)?
1
Let c = -47 + 47. Suppose 0 = -7*k + 3*k + 2*q - 388, c = 4*k + 4*q + 364. Let y = k + 163. What is the tens digit of y?
6
Suppose -5*s + 28262 = -4*h, -5*s = -2*h - 26799 - 1457. What is the tens digit of s?
5
Suppose -3*r = -2*s + 22413 + 15918, -19161 = -s - 3*r. What is the ten thousands digit of s?
1
Suppose 0 = 5*x - 3*c - 2*c - 420, 4*c - 420 = -5*x. Suppose -q = -k + 3*q - 84, -3*q + x = -k. What is the units digit of 3/(0 - 3) - (6 + k)?
7
Suppose 2*a + 23431 = 3*d, 39*a - 7813 = -d + 37*a. What is the units digit of d?
1
Let m = 70246 + -39379. What is the thousands digit of m?
0
Let u = -67287 + 148837. What is the hundreds digit of u?
5
Suppose -2*b + 1 + 3 = 0. Suppose 340 = -b*y + 7*y. Suppose y = u - 3*a, 0 = 4*u - u - 5*a - 212. What is the units digit of u?
4
Let g = -1 + 3. Suppose 0 = 4*c - 5*n - 128, -10*n + 16 = -14*n. Suppose -y - c = -g*y. What is the tens digit of y?
2
Suppose -7*b + 8*b = 5*s + 18074, -2*b + 36211 = -s. What is the hundreds digit of b?
1
Suppose -9 = 2*l - 159. Suppose 5*d - 100 - l = 0. Suppose 84 = p - d. What is the hundreds digit of p?
1
Let j(o) = -5*o + 24. Suppose 0*k = 5*k + 5. Let u be (-39)/4 - k/(-4). What is the units digit of j(u)?
4
Let t = -291 - -458. Suppose 0 = -25*l + 12*l + 9867. Suppose -2*n + t = -5*k + 1426, 0 = -3*k + 3*n + l. What is the hundreds digit of k?
2
Suppose -15*a - 125 = 10*a. What is the tens digit of (-6798)/(-24) - a/(-20)?
8
Suppose -3*c + 3*i = -2454, -10*c + 8*c + i = -1634. Let u = -173 + c. What is the tens digit of u?
4
Suppose -5*p = -0*p + 240. Suppose 0 = -2*v + 4*s + 66, -3*s - 2*s = -2*v + 69. What is the tens digit of v/(-12)*p/9?
1
Let l = -150 + -355. Let u = 830 + l. What is the units digit of u?
5
Suppose k - 4*g = 18, -k - 3*g + 13 = 9. What is the hundreds